e
Is 851373031 composite?
False
Is 5461533871 prime?
True
Is 1272272909 composite?
False
Is 61587839 composite?
True
Is 998487862 prime?
False
Is 1842052841 composite?
False
Is 1826948523 composite?
True
Is 2556342881 prime?
False
Is 95556038069 composite?
False
Is 12762194429 composite?
False
Is 10905917 a prime number?
False
Is 26441030417 prime?
True
Is 171937895923 prime?
True
Is 89061561313 a composite number?
True
Is 1659850273 composite?
True
Is 997746047 a prime number?
True
Is 352712681 composite?
False
Is 233134258187 composite?
True
Is 13473154247 prime?
False
Is 9263709089 a prime number?
True
Is 7818011326 prime?
False
Is 12044376769 prime?
False
Is 28188375851 composite?
True
Is 237862151 a prime number?
False
Is 16852747619 a prime number?
True
Is 10989800467 a prime number?
False
Is 8345513731 a composite number?
False
Is 11833316479 composite?
True
Is 60957877987 composite?
False
Is 52293453311 prime?
False
Is 107085722561 a prime number?
True
Is 4983560609 a composite number?
False
Is 844350179 a prime number?
False
Is 5434440493 a composite number?
False
Is 631100776699 prime?
True
Is 149333861 a prime number?
True
Is 2041153045 a prime number?
False
Is 538295033 composite?
True
Is 16726158191 composite?
True
Is 15214022203 composite?
False
Is 26865367 a prime number?
False
Is 1751046827 a prime number?
False
Is 1718643259 prime?
False
Is 363011063 a composite number?
False
Is 150606220493 a prime number?
True
Is 245887673 a composite number?
True
Is 19453786831 a prime number?
True
Is 41989885241 a prime number?
True
Is 319187057387 a composite number?
True
Is 3295416053 a composite number?
False
Is 4565731769 a composite number?
True
Is 22577050663 a prime number?
True
Is 203051758879 prime?
True
Is 2103973777 prime?
True
Is 3494474629 a composite number?
False
Is 39991731847 a prime number?
False
Is 376843949 prime?
True
Is 4173938173 a prime number?
False
Is 12087929149 a composite number?
False
Is 223810547857 composite?
True
Is 30195419563 composite?
False
Is 61800937051 composite?
True
Is 35335756171 a prime number?
True
Is 75071352857 composite?
False
Is 78561799363 composite?
False
Is 1251427277 a prime number?
True
Is 5533471277 a composite number?
False
Is 2240811994 a prime number?
False
Is 100569286039 a composite number?
True
Is 2015332927 a prime number?
True
Is 68945411629 a composite number?
True
Is 79157449717 a composite number?
False
Is 60875855513 a prime number?
False
Is 443544701 a prime number?
True
Is 2513047169 composite?
False
Is 1383082633 composite?
False
Is 23113513 a composite number?
False
Is 373740424589 prime?
False
Is 115660273 a prime number?
True
Is 46005599 a composite number?
False
Is 4675079623 composite?
False
Is 157758146243 prime?
True
Is 28445357737 a prime number?
True
Is 341857535 a prime number?
False
Is 1195401949 a composite number?
True
Is 31189377703 prime?
False
Is 26288742511 a composite number?
False
Is 1752950747 a composite number?
False
Is 551241679 a prime number?
False
Is 4585137409 a prime number?
True
Is 4012178327 prime?
True
Is 2317930163 composite?
False
Is 773146901 composite?
False
Is 613667261 a prime number?
True
Is 105010933 a prime number?
True
Is 37691553359 a composite number?
False
Is 432699173 composite?
False
Is 157032485587 prime?
True
Is 349308943231 a prime number?
False
Is 2972116481 prime?
False
Is 9633642946 a composite number?
True
Is 60708557627 prime?
False
Is 9998470201 prime?
True
Is 66733039 a composite number?
True
Is 11470078153 prime?
False
Is 1348804682 composite?
True
Is 24439011449 composite?
True
Is 13723774817 a prime number?
False
Is 2874697181 a prime number?
False
Is 38604658621 a composite number?
False
Is 55338574769 a prime number?
True
Is 1441612129 a prime number?
True
Is 1439092507 a composite number?
True
Is 50774578777 prime?
False
Is 2800205329 a prime number?
False
Is 2294561569 a composite number?
True
Is 1454571487 a prime number?
True
Is 22539531059 a composite number?
True
Is 2999016901 a composite number?
False
Is 704251049 prime?
False
Is 2847199177 composite?
False
Is 660257629 composite?
False
Is 129689239 a prime number?
False
Is 4042301539 a prime number?
True
Is 163464319 composite?
False
Is 518294339 a composite number?
False
Is 178255499 a prime number?
False
Is 536809363 composite?
False
Is 921322839 a prime number?
False
Is 13323000643 composite?
True
Is 1077875221 a composite number?
True
Is 2991975817 a prime number?
True
Is 3508653167 a prime number?
True
Is 37321061 a composite number?
False
Is 37425288533 a prime number?
True
Is 323649209287 composite?
False
Is 16613117789 a prime number?
True
Is 811586203 composite?
False
Is 68904019 composite?
False
Is 441166633 composite?
True
Is 319270349 composite?
True
Is 879654485 a composite number?
True
Is 12452697463 a prime number?
True
Is 669097619 composite?
True
Is 535751 prime?
True
Is 2672519741 composite?
False
Is 2398082133 a composite number?
True
Is 29796425245 a prime number?
False
Is 1500464887 a prime number?
False
Is 77776341 composite?
True
Is 21585604855 a composite number?
True
Is 389904617 a composite number?
False
Is 5750956759 prime?
False
Is 66535356887 prime?
False
Is 3285011969 a prime number?
True
Is 7854819017 composite?
True
Is 624690311 a prime number?
False
Is 172487338169 a composite number?
True
Is 6442271467 a composite number?
False
Is 162704027711 a composite number?
True
Is 2003171783 a composite number?
False
Is 452606039 a composite number?
True
Is 9961211969 a prime number?
True
Is 268284329 a prime number?
False
Is 104496185063 a prime number?
True
Is 13241521063 a composite number?
True
Is 49753594091 a composite number?
False
Is 63214682573 a prime number?
False
Is 329256683777 prime?
False
Is 6539833939 composite?
False
Is 647267581 composite?
False
Is 1765324361 composite?
True
Is 367348193207 a composite number?
False
Is 5877355087 composite?
False
Is 1115839031 composite?
False
Is 194693431 composite?
True
Is 2230941541 a prime number?
False
Is 100296132337 a composite number?
True
Is 107396368127 a prime number?
False
Is 59723783709 a prime number?
False
Is 1537542287 prime?
True
Is 17393314927 a prime number?
False
Is 1026332819 a prime number?
True
Is 3532998407 a composite number?
True
Is 29396239 composite?
True
Is 80772563 composite?
True
Is 13669386998 a composite number?
True
Is 68397887 composite?
False
Is 932697473 composite?
True
Is 1888696361 prime?
True
Is 6660155737 a composite number?
False
Is 287232133 composite?
True
Is 1719875207 prime?
False
Is 15103746739 a prime number?
False
Is 22039755917 a prime number?
True
Is 2017655063 a composite number?
False
Is 13665296963 a composite number?
False
Is 13884996857 a composite number?
True
Is 28601553469 composite?
True
Is 146345366291 composite?
False
Is 18302701211 a composite number?
True
Is 44536224043 composite?
False
Is 22245120739 composite?
False
Is 524944153 a prime number?
True
Is 43609770679 prime?
True
Is 305728805 a composite number?
True
Is 10681070501 a prime number?
False
Is 124276583999 prime?
False
Is 1314901019 composite?
False
Is 3827305733 a composite number?
True
Is 24341287 a prime number?
False
Is 2604504241 a prime number?
False
Is 1343211917 prime?
True
Is 1799215643 a prime number?
False
Is 2967716177 a prime number?
True
Is 57156195337 a composite number?
False
Is 14115251 composite?
True
Is 119916788183 a composite number?
False
Is 42188882831 a prime number?
True
Is 493642473 composite?
True
Is 608706053 a composite number?
False
Is 2407922201 a composite number?
True
Is 10147761489 a composite number?
True
Is 5189842111 composite?
True
Is 3490924673 composite?
True
Is 40387117013 prime?
False
Is 120553523 a composite number?
False
Is 34860066487 prime?
True
Is 610315177 prime?
False
Is 22954274977 a prime number?
False
Is 1686916109 a composite number?
True
Is 14038566067 prime?
False
Is 4833332753 composite?
False
Is 2364204397 composite?
False
Is 3469107361 composite?
True
Is 141264491 a prime number?
True
Is 6262127831 prime?
False
Is 321838291 prime?
True
Is 36078362777 prime?
False
Is 26501487095 a prime number?
False
Is 13719094231 composite?
True
Is 35078819 composite?
False
Is 1408650941 composite?
True
Is 23